 is the units digit of x?
4
Let c = 0 + 8. Suppose 0 = 4*a - c. What is the units digit of a?
2
Let f(o) = 40*o + 74. What is the units digit of f(8)?
4
Suppose -2*y - 7 = -4*s + y, 4*y + 2 = -2*s. Suppose h - 23 = -s. What is the units digit of 2 + -5 - (-1 - h)?
0
Suppose -2*k + 262 = 2*p, k = -p + 4*p + 151. Suppose 2*w = 3*q + k, 2*q = -7*w + 3*w + 240. What is the units digit of w?
2
Let a = -4 - -5. Let h = 11 + -12. What is the tens digit of h + 0/a - -53?
5
Let p(z) = z - 20. Let t be p(12). Let q be (12/t + 2)*2. What is the tens digit of 19/(-2)*(q - 5)?
3
Let r be (-2 - 7/(-5)) + (-53)/(-5). Suppose r*j - 195 = 1265. What is the units digit of j?
6
Suppose -257 = -23*m + 3998. What is the hundreds digit of m?
1
Let u(n) = -n + 6 - 1 + 3*n. Let w be u(7). Suppose -w = -a + 5*j, -4*j = a - 4*a + 79. What is the units digit of a?
9
Let r(t) = t + 15. Let y be r(-13). What is the tens digit of (-9 - -43) + (-6)/y?
3
Let z(s) = 3 + 13 + s**2 + 11*s + 8. What is the units digit of z(-10)?
4
Let f(j) = 2*j**2 - 2*j + 2. Let b be f(2). Let z be 0/b - (-84 - 0). What is the units digit of (z/10)/(18/60)?
8
Suppose i - 12 = -2*r, 1 + 0 = -r + 3*i. Let m(g) = -g**2 + 4*g - 9. Let n(a) = 2*a**2 - 7*a + 18. Let j(z) = r*m(z) + 3*n(z). What is the units digit of j(0)?
9
Let x = 7 - 7. Let j be (7 - 4)*(1 + x). Let s(h) = -h**2 + 3*h + 4. What is the units digit of s(j)?
4
Let r(c) = -c**2 - 12*c + 17. Let g be (-2)/(-6) - 160/12. Let y be r(g). Suppose -39 = -y*s - 11. What is the units digit of s?
7
Suppose 5 = -5*s, -2*t = -t - 5*s - 11. Suppose -223 = t*z - 553. What is the tens digit of z?
5
Let t = 12 - 17. Let b(a) = a**3 + 6*a**2 - 8*a - 3. What is the units digit of b(t)?
2
Suppose 3*y - 3495 = -b - 267, 2*y - b = 2157. Suppose -403 - y = -10*k. What is the tens digit of k?
4
Let w(u) = 30756*u**3 - 30718*u**3 + 4*u**2 - 2*u**2 - u. Let p = -1 - -2. What is the tens digit of w(p)?
3
Let g(n) = n**3 - 3*n**2 - 9*n - 2. Let h be g(5). Suppose -2*t = -2*c, -5*t + c = -h*c. Suppose z + t = 18. What is the tens digit of z?
1
Let r = -585 + 997. What is the hundreds digit of r?
4
Suppose -2*t = w - 657, -5*t + 1753 = -5*w + 133. Let i = t + -149. What is the hundreds digit of i?
1
Let w(k) = -4*k**3 - 2*k**2 + 3*k + 4. Suppose 3*f + 21 = -3*j, -5*j + 6*j = -2*f - 9. What is the tens digit of w(f)?
2
Let q(m) = -m**2 - 9*m - 16. Let k be q(-7). What is the hundreds digit of (-64)/k*(-6 + 171/18)?
1
Suppose 507 = 10*q - 7063. What is the tens digit of q?
5
Let v = -153 - -1202. What is the hundreds digit of v?
0
Let a = 263 + -396. What is the tens digit of 2/(-7) + (-8683)/a?
6
Let a be 5/((-15)/9) - 3. What is the tens digit of (-2)/(-3*a/(-783))?
8
Suppose 21*w - 1176 = 14*w. What is the tens digit of w?
6
Suppose 3*a = -5*n + 13, -4*n + 5*a + 7 + 33 = 0. Suppose 0*l + 75 = 5*l. Let s = n + l. What is the units digit of s?
0
Suppose -3*s = -2*s - 691. Suppose -6*w + s = -245. What is the tens digit of w?
5
Let j = -1203 + 3542. What is the hundreds digit of j?
3
Suppose -26 = -w - 21. Let c = w - -25. What is the units digit of c?
0
Suppose -u + 5*r + 1186 = 6*r, 4*u + 2*r = 4736. What is the hundreds digit of u?
1
Let a be (8/6)/((-3)/(-45)). Let o = a + -50. Let u = 21 - o. What is the tens digit of u?
5
Suppose 2*x + 2*x = -o, 5*x - 5*o = 0. Suppose -h - 7*h + 16 = 0. Suppose x = h*s - 4 - 4. What is the units digit of s?
4
Let a = -104 - -146. Let h = a - -50. What is the tens digit of h?
9
Suppose -5*u - 585 = -2*f - 2*f, -581 = -4*f + u. Suppose 0*a = -a + f. What is the units digit of a?
5
Let j(c) = -c - 4. Let l be j(-8). Let h = -2 + l. Suppose -h*g + 40 = -0*q + q, 3*g - 46 = 2*q. What is the units digit of g?
8
Let j = -165 + 333. Suppose -c + j = -75. What is the units digit of c?
3
Let v be 2 + -2 + (2 - 113). Let u = v - -182. What is the tens digit of u?
7
Suppose 3*z = -12 + 198. What is the tens digit of (2 - z/6)/(4/(-36))?
7
Suppose 19*u + 76 = 21*u. What is the units digit of u?
8
Suppose 3*w - 374 = w. Let l = w - 43. What is the hundreds digit of l?
1
Suppose 5*h = 2*h + 144. Let m = 85 + -52. Let w = h - m. What is the tens digit of w?
1
Suppose -150*n + 530348 = -59*n. What is the units digit of n?
8
Let p be -2 + 80/1 + 21/7. Suppose o - p = 54. What is the hundreds digit of o?
1
Let z(w) = 4697*w**3 + 4*w - 2. What is the hundreds digit of z(1)?
6
Let m(y) = -3*y - 16. Let q be m(-7). Suppose q*t - 96 = -2*j, -t + 5*j = 9 - 39. What is the tens digit of t?
2
Let m(i) be the first derivative of 2*i**3/3 - i**2 + 2*i + 1. Let n(z) = -z - 5. Let a be n(-2). What is the tens digit of m(a)?
2
Let j = -1 + 17. Suppose r + j - 55 = o, -r = 3*o - 55. What is the units digit of r?
3
Let h(k) be the third derivative of 0*k - 2/3*k**3 - k**2 + 0 + 7/24*k**4. What is the tens digit of h(5)?
3
Suppose -21 = 3*k - 6*o + 4*o, -3*k = -o + 21. Let i(j) = 3*j - 10. Let n(p) = -1. Let b(q) = -2*i(q) + 18*n(q). What is the tens digit of b(k)?
4
Suppose 53 = 3*y - 1. Suppose 0 = -5*c + r - y, 0 + 2 = -r. Let s(o) = -7*o + 7. What is the units digit of s(c)?
5
Suppose -20*s = -24*s - 12. Let k(p) = -57*p - 10. What is the units digit of k(s)?
1
Suppose -642 = -5*o - 4*i, 4*i - 7 = 5. Let h = -58 + o. What is the tens digit of h?
6
Suppose 412*g = 428*g - 41808. What is the thousands digit of g?
2
Suppose -27 = -3*h + 4*o, -h - o - 9 = -2*h. Suppose h*z = 2*z + 546. What is the tens digit of z?
7
Suppose 4*h - 1 - 15 = 0. Suppose -205 = -h*s + 3*r, -s + 91 = 3*r + 36. What is the units digit of s?
2
Let z(y) = 7*y. Let n be z(5). Let m = 145 + -159. Let q = m + n. What is the units digit of q?
1
Suppose -3*z - 16 = z. Let t be (0 + -7 - z) + 36. Suppose a = -0 + t. What is the tens digit of a?
3
Let o(d) = -2*d**2 - 2*d + 9. Let f be o(2). What is the tens digit of 161 - (-15)/10*2/f?
6
Suppose -1 = j - 5. Suppose 58 + 238 = j*m + 4*n, -5*n - 380 = -5*m. What is the units digit of m?
5
Let j(p) = 19*p**3 - 6*p**2 - 17*p - 1. Let u(z) = -9*z**3 + 3*z**2 + 8*z + 1. Let b(y) = 3*j(y) + 7*u(y). What is the units digit of b(-2)?
4
Let f(h) = h**3 + 7*h**2 + 4*h + 6. Suppose 0 = -5*r - 5*v - 32 - 13, r - v = 1. Let p be 49/(-14) - (-2)/r. What is the tens digit of f(p)?
3
Suppose -23 + 14 = -3*b. What is the tens digit of (b*16)/3 + 4?
2
Let n = 395 + -164. What is the units digit of n?
1
What is the tens digit of -1 + 4 - -1*729?
3
Let a be (17 + (5 - 2))*1. What is the tens digit of 12/a + (-1191)/(-15)?
8
Let t = -11 + 11. Let k be (t - 20)*(-54)/24. Suppose -4*q = 25 - 5, k = x - 5*q. What is the tens digit of x?
2
Let z(p) = p**2 + 8*p + 2. Let x be z(-10). Let t be 692/28 + 4/14. Let n = t - x. What is the units digit of n?
3
Let j(f) = -11 + 2*f - 4 - 2. Let a be j(13). Suppose -a*g + 32 = -5*g. What is the units digit of g?
8
Suppose -4*d = -r - 7 + 22, 2*r + 3 = -3*d. Suppose -j = -r*a + 2*a - 60, 3*a - 212 = -4*j. What is the units digit of j?
6
Let p(a) = a**2 + 16*a + 9. Let w be p(-13). Let k be 3*3*(-790)/w. Suppose -3*c - 48 = -k. What is the units digit of c?
3
Let c = -9 - -12. Suppose 2*y + 137 = -5*v - y, 2*v + c*y + 62 = 0. Let a = v + 41. What is the units digit of a?
6
Suppose -3*u = -4*j + 1449, 3*j - 420 - 653 = 5*u. What is the tens digit of j?
6
Let y(g) = -2*g - 26. Let f be y(-13). Let b(w) = w**3 + 194. What is the tens digit of b(f)?
9
Suppose -l + 7*l = -36. Let g be 15/l*12/(-15). Suppose -6*k + g*k + 156 = 0. What is the units digit of k?
9
Suppose a = -5*f + 3*f - 3, -3*a - 16 = -f. Let w be -2 - (f + (-8)/2). What is the units digit of ((-75)/9)/(w/(-3))?
5
Suppose 7*q = 2*u + 2*q + 12, 0 = -5*u - 2*q + 28. What is the units digit of (4 + (-142)/u)*-2?
3
Let n = 428 - 198. What is the units digit of n?
0
Let j be ((-222)/4)/(3/(-4)). Let g = j - 20. Suppose -g + 6 = -3*b. What is the tens digit of b?
1
Let y(l) = 882*l**2 - 7*l - 8. What is the units digit of y(-1)?
1
Suppose 4*b - 4*m + 68 = -b, b + 3*m + 6 = 0. Let o be (-1)/(3/b) - -1. Suppose 2*z + 32 - 5 = 3*r, z = -o*r + 58. What is the units digit of r?
1
Let s(o) = -o**3 - 24*o**2 + 33*o - 59. What is the tens digit of s(-26)?
3
Suppose 0 = 5*m + 15, 3*v - 3*m = -v + 389. Suppose -k - v = -3*k + 3*g, 0 = 4*g + 20. What is the tens digit of ((-18)/(